)/(-1))/1*1. Calculate the highest common divisor of b and k.
24
Let f = 271 - 203. What is the greatest common factor of 170 and f?
34
Let t = 12 + -10. Suppose 0 = -t*q + 6 - 0. Suppose 5*j = 2*r - q*r + 24, 4 = -3*j + 4*r. Calculate the greatest common divisor of j and 8.
4
Let p(q) = 3*q**2 - 14*q - 27. Let i be p(11). Suppose 6*k - i = -k. What is the highest common factor of k and 65?
13
Let b be (2 + -5)/(2/(-1262)). Let u = 2805 - b. Suppose 5*d = -d + u. Calculate the greatest common factor of d and 19.
19
Suppose -l - 661 = -n + 475, -4*n - 2*l + 4544 = 0. Let h be n/12*6/4. Let k = h + -100. What is the highest common divisor of 6 and k?
6
Let f = 1613 - 348. Suppose 10*x - f = -x. Calculate the greatest common factor of 46 and x.
23
Let x(n) = n**3 - 15*n**2 + 17*n - 40. Let j be x(14). Let h be (-1 - j)/(2/(-4)). Let a = 1 - -2. Calculate the greatest common divisor of h and a.
3
Suppose 4*r - 18 = -y, 0 = -2*r - 2*y + 18 - 6. Suppose -r = -2*c + 32. Calculate the greatest common divisor of c and 90.
18
Let s be 5/((2 - 40/18)/(-18)). What is the greatest common divisor of s and 324?
81
Let r(i) = -39*i - 33. Let p be r(-12). What is the highest common factor of 30 and p?
15
Let x = -2 + 6. Suppose x*b - 407 = -w + 36, 5*b - 2*w - 544 = 0. Let l = 72 - 62. What is the highest common divisor of l and b?
10
Let o(w) = 8*w + 12. Let v be o(0). What is the highest common factor of 100 and v?
4
Suppose -3*c + 1 = -6*c - 5*i, -4*i - 17 = -3*c. Suppose c*g + 5 + 4 = 0. Let x(q) = -11*q - 3. Let s be x(g). What is the greatest common factor of 20 and s?
10
Let w(i) = -i**3 - 10*i**2 - 8*i - 20. Suppose -6*f - 52 = 8. Let c be w(f). What is the highest common factor of 15 and c?
15
Let y(i) = -i - 5. Let h be y(-8). Suppose -2*p + h*p = 2. Suppose l = p*l - 15. Calculate the highest common divisor of 30 and l.
15
Suppose 3*w - 4*q + 2*q - 1826 = 0, -2437 = -4*w + 5*q. Calculate the highest common factor of 57 and w.
19
Let f(u) = u**2 + 4*u + 399. Let o be f(0). Suppose -o - 561 = -6*v. Calculate the highest common divisor of v and 40.
40
Let d(m) = m**3 - 5*m**2 - 4*m - 12. Let l be d(6). Suppose -25 = -5*y - 5*a, -y + 3*a + 5 + 12 = l. What is the highest common factor of 40 and y?
8
Suppose -4*j + 308 = -0*j. Suppose -31 - j = -6*k. Calculate the greatest common divisor of 18 and k.
18
Let w(u) = 2*u**2 + 2*u + 8. Let r be w(-4). Let j be 4/3*312/13. Calculate the greatest common divisor of j and r.
32
Let b be (12 + -5)*1/(14/6). Suppose -2*f - 6*r = -4*r - 86, -5*f - b*r = -217. What is the greatest common divisor of 55 and f?
11
Let s be 91/13 - 4/((-16)/12). Calculate the greatest common factor of 190 and s.
10
Let t = 10 + -7. Suppose -t*o + 24 = -30. Suppose 0 = -v + 3*a + 171, -2*a - 5391 + 5871 = 3*v. Calculate the highest common factor of o and v.
18
Let x(l) = l**3 + 11*l**2 + 11*l + 4. Let c be x(-8). Calculate the highest common divisor of c and 540.
108
Let m = 27 - -1. Suppose -5*q + 28 - 3 = 0. Suppose -q*f + 16 = -404. What is the greatest common factor of f and m?
28
Suppose 11*o - 18 = 15. Suppose -2*a + 53 = -g, 2*a - o*g = -3*a + 135. Calculate the highest common divisor of a and 24.
24
Let n be (24/(-20))/((-9)/(-30)). Let x = 0 - n. Suppose 4*b - 44 = -4*j, 4*b + 2*j - 43 = -3*j. What is the highest common factor of x and b?
4
Let z = 284 + -273. What is the highest common factor of z and 77?
11
Let a(x) = 4*x + 185. Let t be a(-35). What is the highest common factor of 90 and t?
45
Let q(n) = n**2 - 6*n + 7. Let y be q(-8). What is the highest common divisor of y and 21?
7
Let u = -355 + 598. What is the greatest common divisor of 324 and u?
81
Suppose 2*f + 2*f - 704 = a, 0 = -3*a. Let l(p) = 14*p. Let v be l(2). Suppose -2*h + 4 = -v. Calculate the greatest common divisor of f and h.
16
Let p be ((-32)/(-10))/((-32)/(-80)). What is the greatest common divisor of p and 64?
8
Let q = -694 + 821. What is the greatest common divisor of q and 2921?
127
Suppose 0 = -3281*s + 3278*s + 36. What is the greatest common factor of s and 21?
3
Let c = -28 + 53. Let w(j) = -6*j + 71. Let h be w(11). Calculate the highest common factor of c and h.
5
Let y = -21 - 12. Let b be -2 - ((-20)/5 + y). Calculate the highest common factor of 35 and b.
35
Let g be (-1 - (-154)/10) + 46/(-115). Suppose 19 - 9 = 5*h. Calculate the greatest common factor of h and g.
2
Let t = 7210 + -3914. Let l be t/112 + (-6)/14. Suppose 0 = -3*u + 187 + l. Calculate the greatest common divisor of 8 and u.
8
Let j = -748 + 829. Calculate the highest common factor of j and 243.
81
Let w = 2945 - 1625. Suppose -27*r - w = -30*r. Calculate the greatest common factor of 44 and r.
44
Let d = 179 - 63. What is the greatest common factor of 145 and d?
29
Let g be -2*1/(-2) + 11 + -9. Suppose -g = -m + 1. What is the greatest common factor of 32 and m?
4
Suppose -2 = -5*x - a, 7 + 4 = -x - 4*a. Let d(f) = 2*f**2 + 9 - 3*f**2 - 28*f + 24*f. Let y be d(-5). What is the highest common divisor of y and x?
1
Let j be (12 + (-182)/14)*-13*7. Calculate the highest common factor of j and 35.
7
Let i = -55 - -62. Suppose -i*x - 48 = -15*x. Calculate the highest common divisor of 6 and x.
6
Suppose -h + 5 = -5. Let q be -6*2/4 + -219. Let c = q + 332. Calculate the greatest common divisor of c and h.
10
Let u be ((-9)/(-6)*3 + -3)*52. Suppose -u = -4*g + 18. What is the highest common divisor of 96 and g?
24
Let d(u) = u**2 - 5*u - 26. Suppose -3*m + 18 = 5*g, 0 = -3*m + m + g + 25. Let z be d(m). What is the greatest common divisor of z and 120?
40
Let f be (195/52)/(2/(-8)). Let c be (12/f)/(8/(-20)). Suppose 0 = 3*o - 29 + c. Calculate the greatest common factor of o and 72.
9
Suppose -16*c + 13*c + 3 = 0. Calculate the greatest common divisor of c and 2.
1
Suppose 187*h + 420 = 191*h. Calculate the greatest common factor of 7 and h.
7
Let r(q) = 2*q**3 - 6*q**2 - 7*q + 1. Let m be r(4). What is the greatest common factor of 20 and m?
5
Let u(h) = -2*h**3 - 120*h**2 - 4*h - 145. Let p be u(-60). Calculate the highest common factor of p and 57.
19
Suppose 0 = v - 5*g + 2 + 3, 3*v + g = 49. Let h = v + -7. What is the highest common divisor of 2 and h?
2
Let b be ((-9)/2)/((-12)/208). Let a = b + -45. Calculate the greatest common divisor of 165 and a.
33
Suppose -3*z - 1290 = -3*u, -8*u + 414 = -7*u - 5*z. Calculate the highest common factor of 186 and u.
62
Let f = 13 - 11. Suppose -15 = -5*l, y + 4*y - f*l = 194. Suppose -y - 25 = -5*p. Calculate the greatest common divisor of p and 104.
13
Let k(z) = 4*z**2 + 3*z + 8. Let s(p) = p**2 + 11*p + 14. Let i be s(-10). Let c be k(i). What is the greatest common divisor of 12 and c?
12
Suppose l - 114 = 5*r - 47, 220 = 5*l - 2*r. Calculate the greatest common factor of l and 18.
6
Let f be (-15 - -12) + 5 + 4812. Calculate the greatest common divisor of 58 and f.
58
Let z be (-135)/(-54)*1/((-10)/(-36)). What is the highest common divisor of z and 9?
9
Suppose 3*q - 2*g = 3226, 5*q + 4*g - 1895 = 3467. Calculate the highest common divisor of 12 and q.
6
Let u(b) = -146*b - 14. Let n be u(-1). What is the greatest common factor of n and 6?
6
Let g(t) = t**3 + t**2. Let i be g(-1). Let w be 0/((2 - i)/2). Suppose 0 = -w*a - 4*a + 80. Calculate the highest common factor of 180 and a.
20
Suppose 0 = -3*y + 5*y - 54. Calculate the highest common divisor of 63 and y.
9
Suppose -y - 3*y - 5*a + 3 = 0, -4*a = -5*y - 27. Let j be (1 + -5)/((-2)/y). Let c be 920/6 - j/(-18). What is the greatest common divisor of c and 17?
17
Suppose 3*t = -0*t - 18. Let o be (-8)/(-6) - (-2)/t. Suppose 6 + 7 = 13*m. Calculate the highest common divisor of m and o.
1
Let m be (11 + -9)/(4/688). What is the highest common divisor of 8 and m?
8
Let c(g) = -g**3 - g**2 + g - 28. Let m be c(0). Let q be (-193)/(-7) - 12/m. What is the greatest common factor of q and 140?
28
Let t be 7/(-3)*(-13 - (1 + -8)). What is the highest common divisor of 826 and t?
14
Let p(q) = -5*q**2 + 4*q - 4. Let b(i) = 11*i**2 - 9*i + 9. Let s(a) = -4*b(a) - 9*p(a). Let v be s(1). What is the highest common factor of v and 1?
1
Let d(x) = 18*x**2 + 5*x + 4. Let g be d(-2). Calculate the highest common factor of 154 and g.
22
Let n be ((-18)/4)/((-2)/4). Let s = 183 + -